r of y and 88.
22
Suppose 57 = 1019*l - 1016*l. What is the highest common divisor of 8 and l?
1
Suppose o - 3*o = 64. Let v be 0 + 15*o/(-6). Let f = 1 - -31. Calculate the greatest common divisor of v and f.
16
Let o(t) = -t**2 - 51*t - 158. Let s be o(-41). What is the greatest common divisor of 18 and s?
18
Let l be (-3414)/(-45) + (-8)/(-60) - -3. What is the greatest common divisor of 395 and l?
79
Let i be (64/(-4))/((-13)/52). What is the highest common factor of i and 2368?
64
Suppose 17*l - 968 = -5*l. Calculate the greatest common factor of l and 11.
11
Suppose y + 270 = 5*b - 102, 0 = -4*b - 3*y + 309. Calculate the highest common factor of 600 and b.
75
Let r be (((-108)/21)/(-6))/((-3)/(-21)). Let m be 2/(-3)*(-17 - -11). Calculate the greatest common divisor of m and r.
2
Let m(k) = 4*k**2 + 13*k + 4. Let u(c) = 3*c**2 + 12*c + 4. Let a(p) = -4*m(p) + 5*u(p). Let d be a(8). Calculate the highest common divisor of d and 44.
4
Let f(s) = -4*s**3 - 39*s**2 + 11*s + 50. Let y be f(-10). What is the highest common divisor of 1880 and y?
40
Suppose -52 = -0*a - 4*a + 4*d, 5*a + 3*d - 81 = 0. Calculate the highest common factor of 285 and a.
15
Let x be 0 + (1 + 170 - 0). Let a be (-2 + (1 - (-425)/20))*-4. Let r = -62 - a. What is the highest common factor of r and x?
19
Suppose 7*y = 77 + 14. Calculate the highest common factor of y and 65.
13
Suppose 0 = -3*w + 5*b + 79, 0*w = w - 5*b - 43. Let u(d) = 2*d**3 - 32*d**2 + 15*d - 231. Let z be u(16). What is the highest common factor of z and w?
9
Let s = -666 - -700. Calculate the greatest common factor of 425 and s.
17
Let f(d) = 75*d**2 - d + 1. Let v be f(-1). Suppose -48*a - 14 = -50*a. Calculate the greatest common divisor of a and v.
7
Let a(c) = -6*c**2 - 55*c - 4. Let s be a(-9). Calculate the greatest common divisor of 1915 and s.
5
Suppose 5*x = -2*h + 491, -2*h - 27*x + 485 = -28*x. What is the highest common divisor of h and 117?
9
Let i(z) = 2*z**2 + 10*z + 2. Let w be i(-5). Let b = -9 - -25. What is the highest common divisor of b and w?
2
Let y be 3/6 - 10/(-4). Let o be y/(-1)*(0 + -25). Suppose -r + 21 = r - 3*g, r = -5*g + 30. Calculate the greatest common factor of r and o.
15
Let c be (438/(-15))/(1/(-15)) - -2. What is the greatest common factor of 176 and c?
88
Let l be (29/29)/(1/29 - 0). Suppose l*n = 31*n - 92. Calculate the greatest common divisor of n and 69.
23
Suppose 3*c + 52*n = 50*n + 178, -5*c = -n - 301. Calculate the greatest common factor of 330 and c.
30
Let f(b) = -8*b**3 + 7*b**2 + 12*b - 5. Let h be f(-2). Calculate the greatest common divisor of 84 and h.
21
Suppose 0*r + 520 = 5*r. Let d be (-15)/(-25) - 124/(-10). Calculate the greatest common factor of d and r.
13
Suppose -x + 76 = -2*d, -182 - 178 = -5*x + 5*d. Suppose -5*f + a + 512 = 0, -54 + 164 = f - 4*a. What is the greatest common factor of f and x?
34
Suppose -2*a = 3 - 21. Suppose c - a = -2*c. Suppose 15 = 3*h + c*q, -4*h + q = -2*q - 27. Calculate the greatest common factor of h and 66.
6
Let c = 355 - 323. Calculate the highest common factor of c and 40.
8
Suppose -12*u - 6*u + 360 = 0. Suppose 0 = 7*t - 3*t - 8. Calculate the greatest common factor of u and t.
2
Let c = 451 + -311. Calculate the greatest common divisor of c and 40.
20
Let k(q) = 13*q - 15. Let d be k(5). Calculate the highest common factor of 25 and d.
25
Let d be 5/(-3) + (-20)/15. Let l be ((-28)/6)/(4/18*d). What is the highest common divisor of 49 and l?
7
Suppose 10*h = 11 + 9. Let z be ((-2)/(-4))/((-5)/(-50)). Calculate the highest common factor of z and h.
1
Let f be (38 + -1)*60/10. What is the highest common divisor of f and 6?
6
Let c be 46 - (3 - (3 - -1)). Let t = 85 + c. What is the highest common divisor of t and 12?
12
Let z(y) = y - 7. Let w be z(4). Let l be (1 + w)*(-90)/(-20). Let s = l - -45. What is the greatest common divisor of 24 and s?
12
Let r = 56 - 24. Suppose 5*b - x - 3*x + 15 = 0, 5*b - 10 = -x. Suppose 5*p - 39 = b. What is the highest common divisor of p and r?
8
Let d(v) = 2*v**2 - 12*v + 68. Let r be d(30). Calculate the highest common factor of 52 and r.
52
Let u(s) = s**2 + 4*s + 3. Let y be u(-6). Suppose 2*f - 5*o - y = 0, -o = 2*f - 1 - 20. What is the highest common divisor of f and 10?
10
Let d(m) = m**2 + m - 10. Let r be d(-5). What is the greatest common factor of r and 18?
2
Suppose 12 = 3*u - 15. Suppose -3*c + u*c - 66 = 0. What is the greatest common divisor of c and 121?
11
Suppose 3*r - 18*f - 154 = -22*f, 2*r = 5*f + 118. Calculate the highest common divisor of 18 and r.
18
Let j(i) = -i**3 + 11*i**2 + i + 29. Let r be j(11). Calculate the highest common factor of 224 and r.
8
Suppose -128*a - 49 = -129*a. What is the highest common divisor of a and 63?
7
Let p(o) = -33*o - 36. Let l be p(-12). Calculate the highest common factor of l and 144.
72
Suppose 1993 = -5*t - 1527. Let s = -479 - t. Calculate the greatest common divisor of 25 and s.
25
Suppose 5*q - 21 = -w, -q - 6*q + 51 = 2*w. What is the greatest common factor of 90 and w?
18
Suppose -9*q + 128 = -6*q + 4*a, -1 = a. What is the highest common divisor of q and 836?
44
Suppose i = 4*m - m - 14, -5*i = -5*m + 20. Let p be 32 + 4 - (-2 + i). Calculate the greatest common factor of p and 37.
37
Suppose -4*c - 2*y = 3*y - 43, 15 = -3*y. Suppose 7*h - 2*h - 25 = 0. Let k be ((-2)/h)/(11/(-935)). What is the highest common divisor of c and k?
17
Let d(f) = -f**3 + 5*f**2 + 8. Let a be d(0). Calculate the greatest common divisor of 104 and a.
8
Suppose -g + 455 = 5*r, -99 = -2*g + r + 800. Suppose 0*d - g = -5*d. Let j = 9 + d. What is the highest common divisor of j and 9?
9
Let n(i) = 155*i + 85. Let s be n(6). Calculate the highest common factor of 7 and s.
7
Let n(p) = p**2 - 16*p - 18. Let u be n(12). Let v = u - -77. Calculate the highest common divisor of v and 33.
11
Suppose 88 = 4*r + 4*a, -63 = -4*r + 3*a + 4. Calculate the greatest common factor of r and 209.
19
Suppose -5194 = -109*k + 6578. What is the greatest common divisor of 4 and k?
4
Suppose 5*p + p = 42. Suppose -p*g = -12*g + 200. What is the highest common divisor of g and 20?
20
Let f be 8/(-28)*2 + (-3228)/(-14). Calculate the greatest common divisor of 46 and f.
46
Let i(j) = -j**3 + 9*j**2 + 10*j - 14. Let z be i(10). Let n = -5 - z. What is the greatest common factor of n and 3?
3
Let g(k) = -k + 7. Let m be g(11). Let y be -8 + 3 - m - -8. What is the highest common divisor of 49 and y?
7
Let o = 1191 + -1047. Calculate the greatest common factor of 234 and o.
18
Suppose 20 = -9*g + 13*g. Calculate the highest common factor of g and 135.
5
Suppose -26*t + 0*t = -2730. Calculate the highest common divisor of t and 21.
21
Suppose c + 10 = 3*d, 0*c - 2*c - 2*d - 4 = 0. Let k(q) = 8*q**2 - q - 17. Let z be k(c). Calculate the greatest common factor of z and 5.
5
Let z = 20 + 43. Let g = z + 6. Calculate the greatest common divisor of 92 and g.
23
Suppose 5*a - k - 393 = 3*a, -2*a - 5*k + 411 = 0. What is the greatest common factor of 66 and a?
66
Let u be ((-6)/4 - -2)*34. Let g be 3091/22*4/2 + -3. Let p = g + -159. What is the highest common factor of u and p?
17
Let b = 2320 - 1484. Calculate the highest common factor of b and 44.
44
Let m(t) = t**3 - 14*t**2 + 13*t - 4. Let s be m(13). Let z = s + 12. Let l be (-12)/4 + 9 + -2. Calculate the highest common factor of l and z.
4
Let r = 213 - 129. Suppose 3*m = -3*a - 0*m + 30, a - 14 = -2*m. Let j be 1120/(-30)*a/(-4). What is the highest common divisor of j and r?
28
Let g be (16/(-20))/(8/(-20)). Suppose 3*w = g*w + 29. Suppose -w = -4*p + 19. Calculate the greatest common divisor of 8 and p.
4
Let c be 3*-4*1/12*4. Let t = c - -24. Calculate the greatest common factor of t and 50.
10
Suppose 77*d - 8 = 75*d. Calculate the greatest common divisor of 316 and d.
4
Let t(m) = -m**3 - 9*m**2 - 10*m + 9. Let g be t(-8). Suppose g = -3*j + 8*j. Let p be 2 + -2 + (2 - 1). What is the greatest common divisor of j and p?
1
Let w(h) = 9*h**2 - 28*h + 18. Let y be w(4). Calculate the highest common factor of y and 10.
10
Suppose 116*y = 111*y + 110. What is the greatest common factor of y and 319?
11
Let t(y) = y**3 + 32*y**2 - 2*y - 63. Let c be t(-32). Let v be 9/(-6)*(1 - 3). What